nd 135?
15
What is the highest common divisor of 81 and 9?
9
What is the greatest common factor of 4601 and 86?
43
What is the greatest common factor of 40 and 125240?
40
Calculate the greatest common factor of 13696 and 642.
214
Calculate the greatest common factor of 75 and 75.
75
Calculate the greatest common divisor of 2086 and 364.
14
What is the highest common divisor of 69 and 3243?
69
Calculate the greatest common divisor of 30384 and 16.
16
What is the highest common factor of 255 and 714?
51
What is the greatest common factor of 32 and 544?
32
What is the greatest common divisor of 5 and 1745?
5
What is the greatest common factor of 3510 and 162?
54
Calculate the highest common factor of 184 and 22.
2
Calculate the highest common factor of 375 and 30.
15
Calculate the highest common divisor of 3104 and 64.
32
Calculate the greatest common divisor of 20 and 760.
20
What is the highest common factor of 224 and 24?
8
Calculate the greatest common factor of 72 and 126.
18
Calculate the highest common divisor of 2057 and 17.
17
Calculate the highest common factor of 74 and 2072.
74
What is the highest common factor of 45 and 240?
15
Calculate the greatest common factor of 164 and 4059.
41
Calculate the highest common factor of 650 and 50.
50
Calculate the highest common factor of 350 and 126.
14
Calculate the highest common divisor of 207 and 189.
9
Calculate the greatest common factor of 3591 and 1463.
133
Calculate the greatest common factor of 391 and 23.
23
Calculate the highest common divisor of 27 and 531.
9
What is the highest common divisor of 48 and 11888?
16
Calculate the highest common divisor of 39 and 741.
39
What is the highest common factor of 102 and 66?
6
Calculate the greatest common divisor of 161 and 14.
7
What is the greatest common factor of 1054 and 34?
34
What is the highest common factor of 1 and 2465?
1
Calculate the greatest common divisor of 64 and 72.
8
Calculate the highest common factor of 2774 and 73.
73
Calculate the highest common factor of 784 and 77.
7
What is the highest common factor of 1216 and 24?
8
What is the greatest common factor of 55 and 55?
55
What is the greatest common factor of 344 and 602?
86
Calculate the greatest common divisor of 9 and 528.
3
What is the highest common factor of 4731 and 114?
57
What is the greatest common divisor of 210 and 1176?
42
Calculate the highest common factor of 45 and 30.
15
What is the highest common divisor of 66 and 6?
6
Calculate the highest common divisor of 444 and 1.
1
What is the greatest common factor of 156 and 260?
52
Calculate the greatest common factor of 2403 and 297.
27
Calculate the highest common divisor of 4 and 73.
1
What is the highest common factor of 77 and 7?
7
What is the greatest common factor of 21 and 119?
7
Calculate the greatest common divisor of 60 and 1605.
15
What is the greatest common divisor of 7744 and 11?
11
What is the highest common factor of 62 and 1426?
62
Calculate the highest common factor of 88 and 56.
8
What is the greatest common factor of 390 and 234?
78
What is the greatest common divisor of 884 and 52?
52
Calculate the highest common divisor of 516 and 36.
12
Calculate the greatest common factor of 1457 and 141.
47
What is the highest common factor of 20 and 36?
4
Calculate the greatest common factor of 506 and 66.
22
What is the highest common divisor of 30 and 12?
6
What is the highest common divisor of 660 and 1212?
12
Calculate the highest common divisor of 2960 and 560.
80
What is the highest common factor of 14 and 329?
7
Calculate the greatest common factor of 26 and 767.
13
Calculate the highest common factor of 91 and 196.
7
Calculate the highest common factor of 76 and 893.
19
What is the highest common factor of 987 and 1551?
141
What is the highest common divisor of 3268 and 387?
43
What is the highest common divisor of 42 and 90?
6
What is the highest common divisor of 1855 and 159?
53
What is the greatest common factor of 1428 and 308?
28
Calculate the highest common factor of 28 and 966.
14
What is the highest common divisor of 21 and 469?
7
What is the greatest common divisor of 315 and 350?
35
Calculate the greatest common divisor of 35 and 875.
35
Calculate the greatest common divisor of 2262 and 174.
174
What is the greatest common divisor of 64 and 19472?
16
Calculate the greatest common factor of 28 and 8498.
14
What is the greatest common factor of 80 and 965?
5
Calculate the highest common factor of 664 and 4.
4
Calculate the highest common factor of 22 and 121.
11
Calculate the greatest common factor of 297 and 3399.
33
What is the greatest common divisor of 288 and 32?
32
Calculate the highest common divisor of 132 and 14608.
44
Calculate the highest common factor of 57 and 2432.
19
Calculate the highest common divisor of 901 and 424.
53
What is the highest common factor of 608 and 266?
38
What is the greatest common factor of 18699 and 69?
69
Calculate the highest common factor of 2 and 37.
1
Calculate the highest common factor of 364 and 28.
28
Calculate the greatest common factor of 165 and 85.
5
Calculate the highest common factor of 279 and 2046.
93
What is the greatest common divisor of 279 and 124?
31
Calculate the highest common divisor of 57 and 228.
57
Calculate the highest common divisor of 2 and 25.
1
Calculate the greatest common divisor of 105176 and 8.
8
Calculate the highest common divisor of 7352 and 16.
8
What is the greatest common factor of 7605 and 495?
45
Calculate the highest common divisor of 583 and 11.
11
What is the greatest common divisor of 432 and 12?
12
What is the highest common factor of 38 and 1102?
38
What is the highest common divisor of 16 and 68?
4
Calculate the greatest common divisor of 12670 and 28.
14
Calculate the highest common factor of 120 and 678.
6
Calculate the highest common factor of 11649 and 33.
33
What is the greatest common factor of 19 and 3?
1
What is the highest common divisor of 858 and 5616?
78
Calculate the highest common divisor of 8949 and 57.
57
Calculate the greatest common divisor of 16 and 27.
1
What is the greatest common factor of 321 and 77361?
321
What is the greatest common factor of 144 and 16?
16
What is the greatest common factor of 4 and 452?
4
What is the highest common factor of 2511 and 62?
31
Calculate the greatest common factor of 69 and 48.
3
Calculate the highest common factor of 666 and 16502.
74
Calculate the highest common factor of 54 and 576.
18
What is the greatest common factor of 153 and 204?
51
Calculate the highest common factor of 27170 and 10.
10
Calculate the greatest common divisor of 66 and 66.
66
Calculate the highest common factor of 110 and 25.
5
Calculate the highest common factor of 184 and 23.
23
What is the greatest common divisor of 4380 and 24?
12
What is the greatest common factor of 21 and 119?
7
What is the greatest common factor of 248 and 112?
8
What is the greatest common divisor of 92 and 1012?
92
What is the greatest common divisor of 312 and 5252?
52
Calculate the greatest common factor of 330 and 105.
15
Calculate the highest common divisor of 52 and 260.
52
Calculate the greatest common factor of 33 and 341.
11
What is the highest common factor of 10780 and 147?
49
What is the greatest common factor of 254 and 2?
2
What is the highest common divisor of 26 and 117?
13
What is the highest common factor of 104 and 130?
26
What is the greatest common divisor of 51 and 3111?
51
Calculate the highest common divisor of 15 and 225.
15
Calculate the highest common divisor of 713 and 3100.
31
What is the highest common divisor of 2850 and 725?
25
What is the highest common factor of 221 and 39?
13
Calculate the highest common factor of 6 and 4.
2
What is the greatest common factor of 510 and 18?
6
What is the greatest common factor of 30 and 350?
10
Calculate the greatest common divisor of 618 and 6.
6
Calculate the greatest common factor of 55 and 319.
11
What is the highest common factor of 129 and 32336?
43
What is the greatest common divisor of 24 and 24?
24
What is the highest common factor of 16686 and 1296?
162
Calculate the highest common divisor of 162 and 729.
81
Calculate the greatest common factor of 182 and 364.
182
Calculate the greatest common factor of 1932 a